q) = 10*q - 9. What is the units digit of a(6)?
1
What is the units digit of ((-8)/(-12))/(8/180)?
5
Suppose -7*q - 1459 = -3769. What is the tens digit of q?
3
Let i(z) = -z**2 + 6*z + 11. Let x be i(8). Let w = -4 - x. Suppose 2 = 3*u - w. What is the units digit of u?
1
Let x = 10 + 4. Suppose -64 = -3*b + x. What is the units digit of b?
6
Let o = 22 + -15. Let g = -3 + o. Suppose 0 = g*l - 0 - 24. What is the units digit of l?
6
Let b = 4 - -22. Suppose 1 = -4*p - 0*p - f, -5*f - b = -p. What is the units digit of p?
1
Let l(s) be the second derivative of -1/20*s**5 + 1/2*s**2 - 1/2*s**4 - 3*s + 0 - 1/6*s**3. What is the units digit of l(-6)?
7
Let f be 0 + 0 + -1 - -5. Let w(o) = -o**2 - 10*o - 7. Let u be w(-9). Let r = f - u. What is the units digit of r?
2
Let b(x) = -9*x + 2. What is the tens digit of b(-1)?
1
Suppose 5*p = -22 + 2. What is the tens digit of (2 + 10/p)*-68?
3
Suppose -8*d + 322 = -d. What is the units digit of d?
6
Let w = 5 - -3. Let y be ((-2)/(-4))/(2/w). Suppose -y*s = -u - 13, -u + 23 = s + 9. What is the units digit of s?
9
Suppose -37 = -v + 3*f, -5*f - 116 = -4*v - f. What is the tens digit of v?
2
Suppose 9 - 189 = -5*m. Let v = m - 25. What is the tens digit of v?
1
Suppose 0 = 5*x - 0*x - 30. Let v(l) = 5*l + 5. What is the tens digit of v(x)?
3
Suppose -21 = 4*i + 3. Let k be 42/(-4)*i/9. Suppose s + 0 - k = 0. What is the units digit of s?
7
Let b(p) = 4*p**3 + 32*p**2 + 8. What is the tens digit of b(-7)?
0
Let l(n) = -n**2 + 22. What is the tens digit of l(0)?
2
Let j be (-37 - 4)/(2 - 3). Suppose 5*y + 7 = -2*r + j, 2*r - 3*y = 18. What is the tens digit of r?
1
Suppose 0*d + 28 = 3*d - 4*a, 2*d = 2*a + 16. Suppose -3*x + d*x = 4. Suppose -x*g = g - 40. What is the units digit of g?
8
What is the hundreds digit of 84/20 + -4 + 2358/10?
2
Suppose -3*y - 11 = -n, 3*n - n = y + 7. Let t(i) = -4*i**3 + 5*i**3 - n*i - 2 - 2*i**3 - i**2. What is the units digit of t(-2)?
6
Let w = 22 + -21. Let z(t) = t**2 - t - 1. Let j be z(2). Let v = w + j. What is the units digit of v?
2
Suppose 2*g + 1 - 25 = 0. Let c = -2 + g. What is the units digit of c?
0
Suppose -3*x + 0*x + 39 = 0. Let n = 5 + x. What is the units digit of n?
8
Suppose 2*t + 2*x = -28 - 54, -2*t = -2*x + 102. Let f = t + 66. What is the units digit of f?
0
Let i(r) = -2*r + 9. Let t(v) = -v + 8. Let m(x) = 4*i(x) - 6*t(x). Let q be m(-8). Let k = -3 + q. What is the units digit of k?
1
Let j = 7 + -5. Let t be -15*(6/(-2) - -2). Suppose -c - j*c + t = 0. What is the units digit of c?
5
Let i(j) = -j**3 + 2*j**2 + 4*j + 1. Let x be i(3). Suppose 0 = -x*o + 3*o - 3*r + 24, o + 6 = 3*r. What is the units digit of o?
9
Suppose -3*v + 6 = -3*q, q + 10 = v + 2*q. Let a = -3 + v. What is the units digit of a?
3
What is the units digit of (-2)/(-1) - (4 - 4)?
2
Let n(t) = -t**2 - 4*t + 5. Let c be n(-4). Suppose -7 = -5*f + 2*m + 5, 5*f = c*m. What is the units digit of f?
4
Let c = 68 + 11. What is the units digit of c?
9
Let s be -3 + 18/1 - 1. Let t(d) = -d**2 + 10*d. Let z be t(7). Let m = z - s. What is the units digit of m?
7
Let y be (5 - 2)*1 - -16. Let j = 29 - y. What is the tens digit of j?
1
Suppose 4*c - 2*m = 10, 2*c + 5 = -m - 0*m. Suppose -h = -c - 2. Suppose 0 = 4*k - h - 2. What is the units digit of k?
1
Let t be 0 - (8/4 - 41). Let k = t - 23. What is the tens digit of k?
1
Suppose -k = -4 - 1. What is the units digit of k?
5
Let p(a) = a**3 - 11*a**2 - 11*a - 8. Let m be p(12). Suppose 4*f - 4*h = 8*f - 112, 89 = 3*f + m*h. What is the tens digit of f?
2
Let q = -2 - 1. Let d be (q/(-4))/((-1)/(-4)). What is the units digit of (-2)/d*-1*3?
2
Let h(u) = u**3 - 4*u**2 - 2*u - 2. Let m be (-28)/(-6) + 4/12. What is the tens digit of h(m)?
1
Suppose -v + 12 = 2*v. Let k be v/18 + 50/18. Suppose k*z - 2 = 2*z. What is the units digit of z?
2
Let l be 33/9 - 3/(-9). Suppose 3*r = -l*u - 7, -u - 29 + 6 = 5*r. What is the units digit of (1 + r)/((-1)/2)?
8
Suppose -b - 4 + 21 = 0. What is the units digit of b?
7
Let z = 95 - 60. Suppose -5*j + z = c, -c + 3*j + 2*j + 25 = 0. What is the units digit of c?
0
Let c = 14 - 3. Let y = -1 - -5. Let p = c - y. What is the units digit of p?
7
Suppose 0 = -0*x + 5*x - 135. What is the tens digit of x?
2
Suppose -127 = -5*g + 4*q + 35, 6 = 3*q. Let c = g - 7. What is the units digit of c?
7
Let q(w) be the third derivative of -w**6/120 - w**5/12 + w**4/4 - w**3/6 - w**2. Let n be q(-6). Let d = n + 17. What is the tens digit of d?
1
Suppose 10 = 5*d, 4*d - 12 = -3*u + u. Suppose -i + 4 = 0, -u*m + 2*i = -0*m + 4. Suppose -2 = m*w - 16. What is the units digit of w?
7
Let i(v) = 10*v - 1. Let y be i(-2). Let b = 0 - y. What is the tens digit of b?
2
Let b(q) = -2*q + 14. Let h be b(5). Suppose -h = -2*m, 5*m + 68 = z + 2*z. What is the tens digit of z?
2
Let k = -12 + 14. Suppose 0 = -0*u - 3*u - k*f + 32, 2*u - 8 = 2*f. What is the units digit of u?
8
Suppose -47 + 8 = 3*k. Let t = k - -24. What is the tens digit of t?
1
Suppose -107 = -g - 32. What is the tens digit of g?
7
Suppose 2*k - 5*v + 10 = -11, -5*v + 23 = -k. Suppose 52 = k*y + 2*y. What is the units digit of y?
3
Let t(m) = -12*m + 3. What is the tens digit of t(-3)?
3
Suppose -5*l + 4*l - 3 = 0. What is the tens digit of 54/(-3)*l/3?
1
Let j be (-18)/3*5/(-6). Suppose -j*s + 81 = 4*a, 6*s = s + a + 86. What is the units digit of s?
7
Let b(t) = 2*t**3 - 4*t**2 - 7*t + 5. What is the hundreds digit of b(5)?
1
Suppose 8 = m + 3*m. Suppose -d + 4 = l, 5*l - 29 + 2 = 2*d. Suppose o + m = l. What is the units digit of o?
3
Suppose -8 = -4*d + 2*d. Suppose 5*q + 16 = -d. What is the tens digit of 3/(-12)*10*q?
1
Let b be 2/3 - 61/(-3). Suppose 66 = -10*r + 12*r. Suppose -3*w + r + b = 0. What is the units digit of w?
8
Let p(s) = 2*s + 8. What is the units digit of p(-3)?
2
Let s(y) = -12*y + 16. What is the units digit of s(-8)?
2
What is the units digit of (10/3)/((-4)/(-48))?
0
Let p(q) = 2*q**2 + 6 + 0 - q - q**2 + 0*q. What is the units digit of p(0)?
6
Suppose 5 = 2*o + 4*i - 5*i, -5*o = 4*i - 6. Let t = 12 + o. What is the tens digit of t?
1
Let k = 194 + -115. What is the units digit of k?
9
Let p(q) = -q**3 + 2*q**2 + 4*q - 2. Let w be p(3). Let g = 11 - w. What is the units digit of g?
0
What is the hundreds digit of ((-28)/36*-102)/((-2)/(-6))?
2
Let g = -2 - -4. Suppose -2*l - 3*l + 43 = 4*n, 0 = -5*l - g*n + 39. Suppose l = -2*h + 23. What is the units digit of h?
8
Let g = 15 + 2. Let t = g + 3. What is the tens digit of t?
2
Let p = 108 - 64. Suppose 2*w + 0*w = p. Suppose 3*t + w = 73. What is the units digit of t?
7
Let c(h) = -h**3 + 3*h - 7. Let j be c(-4). What is the tens digit of 1*j - (1 + 3)?
4
Let d = -3 + -9. What is the units digit of (d/(-5) - 3)*-5?
3
Let s(z) = -9*z + 5 - 6 + z**2 + 16 - 1. Let l be s(10). Let k = l - 7. What is the tens digit of k?
1
Let x be 9/(-6)*4/2. Let o(d) = 0*d - 1 - 5*d + 3*d + 4. What is the units digit of o(x)?
9
Let t = -76 + 127. What is the units digit of t?
1
Let f = 126 + 63. What is the tens digit of f?
8
Let i = 96 - 67. Let c = i + -17. What is the units digit of c?
2
Suppose -4*l = -0*l - 4. Suppose -l + 6 = 5*x. What is the units digit of x?
1
Suppose -4*d - 49 = -3*b, 4*b - d = -3*d + 102. Suppose -2*q = -3*q + 4*n + b, -3*q + n + 58 = 0. What is the units digit of q?
9
Suppose 45 = 4*n - 23. Let i = -2 - -1. Let h = i + n. What is the units digit of h?
6
Suppose 36 = 4*d - 0*d. Suppose 0 = -2*b + 17 + d. What is the tens digit of b?
1
Suppose -k = -2*d - 147, -2*k + 167 = -k + 3*d. Suppose 3*q - 8*q = -k. What is the units digit of q?
1
Suppose 2*z = 4*z. Suppose 4*l - 4*p + 3*p - 80 = z, -3*l + 67 = p. What is the units digit of l?
1
Let w(u) = u**2 - 11*u - 5. What is the units digit of w(15)?
5
Let w = 0 - -51. Suppose 2*q = 3*c - w, q + 17 = -c - 11. What is the units digit of q/(-5) - (-2)/(-5)?
5
Suppose 0*o - 2*o + 6 = -4*y, -4*y - 2*o = 10. Let k = y - -4. What is the units digit of k?
2
Suppose -2*c = 2*c - 8. What is the units digit of (-1 + 2)/(-1 + c)?
1
Let z = -4 - 1. What is the units digit of 2*1*(-3 - z)?
4
Let f = 4 - 0. Suppose f*q - 4*o - 4 = 0, 0*o - 1 = -4*q + 5*o. What is the units digit of q?
4
Suppose n + k = 70 + 30, -125 = -n + 4*k. What is t